{"id":3197,"date":"2023-02-26T20:23:44","date_gmt":"2023-02-26T07:23:44","guid":{"rendered":"https:\/\/o.nash.org.nz\/?page_id=3197"},"modified":"2023-05-30T17:34:39","modified_gmt":"2023-05-30T05:34:39","slug":"programmes","status":"publish","type":"page","link":"https:\/\/o.nash.org.nz\/?page_id=3197","title":{"rendered":"Programmes"},"content":{"rendered":"<div class=\"wpb-content-wrapper\">[vc_row fullwidth=&#8221;true&#8221; css=&#8221;.vc_custom_1568159291990{padding-top: 260px !important;background-image: url(http:\/\/o.nash.org.nz\/wp-content\/uploads\/2019\/07\/ngati-awa-hapu.jpg?id=588) !important;background-position: center !important;background-repeat: no-repeat !important;background-size: cover !important;}&#8221;][vc_column width=&#8221;1\/2&#8243; el_class=&#8221;nash-page-title-background&#8221; css=&#8221;.vc_custom_1563852758481{padding-top: 30px !important;padding-right: 40px !important;padding-bottom: 30px !important;padding-left: 40px !important;background-color: rgba(4,54,76,0.4) !important;*background-color: rgb(4,54,76) !important;}&#8221;][vc_custom_heading text=&#8221;Ng\u0101 H\u014dtaka&#8221; font_container=&#8221;tag:h1|text_align:left&#8221; use_theme_fonts=&#8221;yes&#8221;][vc_custom_heading text=&#8221;Programmes&#8221; use_theme_fonts=&#8221;yes&#8221;][\/vc_column][\/vc_row][vc_row fullwidth=&#8221;true&#8221; fullwidth_content=&#8221;false&#8221; css=&#8221;.vc_custom_1568161166220{padding-top: 75px !important;padding-bottom: 55px !important;background-image: url(http:\/\/o.nash.org.nz\/wp-content\/uploads\/2019\/07\/white_contact_background.png?id=844) !important;background-position: 0 0 !important;background-repeat: repeat !important;}&#8221;][vc_column][vc_column_text align=&#8221;center&#8221; el_class=&#8221;nash-blocks-title&#8221; css=&#8221;.vc_custom_1677392580082{margin-bottom: 0px !important;}&#8221;]\n<h4 style=\"text-align: center;\">Te Tohu o Te Ora o Ng\u0101ti Awa Programmes<\/h4>\n[\/vc_column_text][vc_accordions][vc_accordion_tab title=&#8221;He W\u0101nanga Wai\u016b &#8211; Breastfeeding Workshop&#8221;][vc_column_text disable_pattern=&#8221;false&#8221; css=&#8221;.vc_custom_1684794521327{margin-bottom: 0px !important;}&#8221;]<a href=\"http:\/\/o.nash.org.nz\/wp-content\/uploads\/2023\/05\/breastfeeding-workshop.png\"><img fetchpriority=\"high\" decoding=\"async\" class=\"alignnone size-medium wp-image-3442\" src=\"http:\/\/o.nash.org.nz\/wp-content\/uploads\/2023\/05\/breastfeeding-workshop-300x251.png\" alt=\"\" width=\"300\" height=\"251\" srcset=\"https:\/\/o.nash.org.nz\/wp-content\/uploads\/2023\/05\/breastfeeding-workshop-300x251.png 300w, https:\/\/o.nash.org.nz\/wp-content\/uploads\/2023\/05\/breastfeeding-workshop-768x644.png 768w, https:\/\/o.nash.org.nz\/wp-content\/uploads\/2023\/05\/breastfeeding-workshop-600x502.png 600w, https:\/\/o.nash.org.nz\/wp-content\/uploads\/2023\/05\/breastfeeding-workshop.png 940w\" sizes=\"(max-width: 300px) 100vw, 300px\" \/><\/a>[\/vc_column_text][\/vc_accordion_tab][vc_accordion_tab title=&#8221;Whakakaha Te T\u0101ne&#8221;][vc_column_text css=&#8221;.vc_custom_1685424866730{margin-bottom: 0px !important;}&#8221;]<a href=\"http:\/\/o.nash.org.nz\/wp-content\/uploads\/2023\/05\/whakakaha-te-tane-flyer.png\"><img decoding=\"async\" class=\"size-medium wp-image-3474 aligncenter\" src=\"http:\/\/o.nash.org.nz\/wp-content\/uploads\/2023\/05\/whakakaha-te-tane-flyer-212x300.png\" alt=\"\" width=\"212\" height=\"300\" srcset=\"https:\/\/o.nash.org.nz\/wp-content\/uploads\/2023\/05\/whakakaha-te-tane-flyer-212x300.png 212w, https:\/\/o.nash.org.nz\/wp-content\/uploads\/2023\/05\/whakakaha-te-tane-flyer-724x1024.png 724w, https:\/\/o.nash.org.nz\/wp-content\/uploads\/2023\/05\/whakakaha-te-tane-flyer-768x1086.png 768w, https:\/\/o.nash.org.nz\/wp-content\/uploads\/2023\/05\/whakakaha-te-tane-flyer-600x848.png 600w, https:\/\/o.nash.org.nz\/wp-content\/uploads\/2023\/05\/whakakaha-te-tane-flyer.png 1654w\" sizes=\"(max-width: 212px) 100vw, 212px\" \/><\/a>[\/vc_column_text][\/vc_accordion_tab][vc_accordion_tab title=&#8221;Maara Kai&#8221;][vc_column_text css=&#8221;.vc_custom_1678246111989{margin-bottom: 0px !important;}&#8221;]<strong>Facilitator:\u00a0<\/strong>Shane O&#8217;Leary<\/p>\n<p>Summer &amp; Winter Gardening, learning what\/when &amp; how to plant.<\/p>\n<p style=\"text-align: center;\"><a href=\"http:\/\/o.nash.org.nz\/wp-content\/uploads\/2023\/03\/maara-flyer.jpg\"><img decoding=\"async\" class=\"size-medium wp-image-3280 aligncenter\" src=\"http:\/\/o.nash.org.nz\/wp-content\/uploads\/2023\/03\/maara-flyer-212x300.jpg\" alt=\"\" width=\"212\" height=\"300\" srcset=\"https:\/\/o.nash.org.nz\/wp-content\/uploads\/2023\/03\/maara-flyer-212x300.jpg 212w, https:\/\/o.nash.org.nz\/wp-content\/uploads\/2023\/03\/maara-flyer-724x1024.jpg 724w, https:\/\/o.nash.org.nz\/wp-content\/uploads\/2023\/03\/maara-flyer-768x1086.jpg 768w, https:\/\/o.nash.org.nz\/wp-content\/uploads\/2023\/03\/maara-flyer-600x848.jpg 600w, https:\/\/o.nash.org.nz\/wp-content\/uploads\/2023\/03\/maara-flyer.jpg 794w\" sizes=\"(max-width: 212px) 100vw, 212px\" \/><\/a>Please register your interest below<\/p>\n[\/vc_column_text][\/vc_accordion_tab][vc_accordion_tab title=&#8221;Incredible Years Programme&#8221;][vc_column_text css=&#8221;.vc_custom_1677442346007{margin-bottom: 0px !important;}&#8221;]<strong>Facilitators:\u00a0<\/strong>Norma Pugh &amp; Joselyn Stoneham<\/p>\n<p>This programme is designed for Wh\u0101nau of tamariki aged from 3 to 8 years old. This course will help you to build more positive relationships with your tamariki, increase desirable behaviors&#8217;, decrease undesirable behaviors&#8217; and gain confidence as a parent.<\/p>\n<p><a href=\"http:\/\/o.nash.org.nz\/wp-content\/uploads\/2023\/02\/iyp-flyer.jpg\"><img loading=\"lazy\" decoding=\"async\" class=\"size-medium wp-image-3218 aligncenter\" src=\"http:\/\/o.nash.org.nz\/wp-content\/uploads\/2023\/02\/iyp-flyer-212x300.jpg\" alt=\"\" width=\"212\" height=\"300\" srcset=\"https:\/\/o.nash.org.nz\/wp-content\/uploads\/2023\/02\/iyp-flyer-212x300.jpg 212w, https:\/\/o.nash.org.nz\/wp-content\/uploads\/2023\/02\/iyp-flyer-600x849.jpg 600w, https:\/\/o.nash.org.nz\/wp-content\/uploads\/2023\/02\/iyp-flyer-724x1024.jpg 724w, https:\/\/o.nash.org.nz\/wp-content\/uploads\/2023\/02\/iyp-flyer-768x1086.jpg 768w, https:\/\/o.nash.org.nz\/wp-content\/uploads\/2023\/02\/iyp-flyer.jpg 794w\" sizes=\"(max-width: 212px) 100vw, 212px\" \/><\/a><\/p>\n<p style=\"text-align: center;\">Please register your interest below<\/p>\n[\/vc_column_text][\/vc_accordion_tab][vc_accordion_tab title=&#8221;Kaupapa M\u0101ori Antenatal W\u0101nanga&#8221;][vc_column_text css=&#8221;.vc_custom_1677442675051{margin-bottom: 0px !important;}&#8221;]<strong>Next Intake:\u00a0<\/strong>March 29th &#8211; March 30th<\/p>\n<p>This FREE two day W\u0101nanga is a holistic hands on antenatal programme for hap\u016b women, expectant fathers, partners and caregivers.<\/p>\n<p><a href=\"http:\/\/o.nash.org.nz\/wp-content\/uploads\/2023\/02\/kaupapa-maori-antenatal-wananga-flyer.jpg\"><img loading=\"lazy\" decoding=\"async\" class=\"size-medium wp-image-3217 aligncenter\" src=\"http:\/\/o.nash.org.nz\/wp-content\/uploads\/2023\/02\/kaupapa-maori-antenatal-wananga-flyer-212x300.jpg\" alt=\"\" width=\"212\" height=\"300\" \/><\/a><\/p>\n<p style=\"text-align: center;\">Please register your interest below<\/p>\n[\/vc_column_text][\/vc_accordion_tab][vc_accordion_tab title=&#8221;Whakakaha te w\u0101hine&#8221;][vc_column_text css=&#8221;.vc_custom_1677442881887{margin-bottom: 0px !important;}&#8221;]<strong>Facilitator:\u00a0<\/strong>Alison Collier<\/p>\n<p>An opportunity to come together and connect with other M\u0101m\u0101\/W\u0101hine. Underpinned by Whakapapa, Wairua, T\u016brangawaewae and Aot\u016broa as passed down by our Tipuna.<\/p>\n<p><a href=\"http:\/\/o.nash.org.nz\/wp-content\/uploads\/2023\/02\/whakakaha-te-wahine-flyer.jpg\"><img loading=\"lazy\" decoding=\"async\" class=\"size-medium wp-image-3222 aligncenter\" src=\"http:\/\/o.nash.org.nz\/wp-content\/uploads\/2023\/02\/whakakaha-te-wahine-flyer-212x300.jpg\" alt=\"\" width=\"212\" height=\"300\" srcset=\"https:\/\/o.nash.org.nz\/wp-content\/uploads\/2023\/02\/whakakaha-te-wahine-flyer-212x300.jpg 212w, https:\/\/o.nash.org.nz\/wp-content\/uploads\/2023\/02\/whakakaha-te-wahine-flyer-600x849.jpg 600w, https:\/\/o.nash.org.nz\/wp-content\/uploads\/2023\/02\/whakakaha-te-wahine-flyer-724x1024.jpg 724w, https:\/\/o.nash.org.nz\/wp-content\/uploads\/2023\/02\/whakakaha-te-wahine-flyer-768x1086.jpg 768w, https:\/\/o.nash.org.nz\/wp-content\/uploads\/2023\/02\/whakakaha-te-wahine-flyer.jpg 794w\" sizes=\"(max-width: 212px) 100vw, 212px\" \/><\/a><\/p>\n<p style=\"text-align: center;\">Please register your interest below<\/p>\n[\/vc_column_text][\/vc_accordion_tab][vc_accordion_tab title=&#8221;Milk Cafe&#8221;][vc_column_text css=&#8221;.vc_custom_1677550140192{margin-bottom: 0px !important;}&#8221;]<strong>Facilitator:\u00a0<\/strong>Whakamanahia te Wai\u016b<\/p>\n<p><strong>Date:\u00a0<\/strong>Tuesdays 10am &#8211; 12pm<\/p>\n<p style=\"text-align: center;\"><a href=\"http:\/\/o.nash.org.nz\/wp-content\/uploads\/2023\/02\/milkcafe-flyer.jpg\"><img loading=\"lazy\" decoding=\"async\" class=\"size-medium wp-image-3254 aligncenter\" src=\"http:\/\/o.nash.org.nz\/wp-content\/uploads\/2023\/02\/milkcafe-flyer-212x300.jpg\" alt=\"\" width=\"212\" height=\"300\" srcset=\"https:\/\/o.nash.org.nz\/wp-content\/uploads\/2023\/02\/milkcafe-flyer-212x300.jpg 212w, https:\/\/o.nash.org.nz\/wp-content\/uploads\/2023\/02\/milkcafe-flyer-600x849.jpg 600w, https:\/\/o.nash.org.nz\/wp-content\/uploads\/2023\/02\/milkcafe-flyer-724x1024.jpg 724w, https:\/\/o.nash.org.nz\/wp-content\/uploads\/2023\/02\/milkcafe-flyer-768x1086.jpg 768w, https:\/\/o.nash.org.nz\/wp-content\/uploads\/2023\/02\/milkcafe-flyer.jpg 794w\" sizes=\"(max-width: 212px) 100vw, 212px\" \/><\/a>Please register your interest below<\/p>\n[\/vc_column_text][\/vc_accordion_tab][\/vc_accordions][vc_accordions style=&#8221;simple-style&#8221; action_style=&#8221;toggle-action&#8221;][vc_accordion_tab title=&#8221;<\/p>\n<p><center><strong>Programmes &#8211; Registration of Interest Form<\/strong><\/center>&#8220;]\n<p><iframe style=\"width: 100%; max-width: 1140px;\" height=\"539\" src=\"https:\/\/oembed.jotform.com\/223236408552049\" sandbox=\"allow-forms allow-scripts allow-same-origin allow-top-navigation allow-popups allow-popups-to-escape-sandbox\"><\/iframe><\/p>\n[\/vc_accordion_tab][\/vc_accordions][\/vc_column][\/vc_row][vc_row][vc_column][vc_empty_space][\/vc_column][\/vc_row]\n<\/div>","protected":false},"excerpt":{"rendered":"<p>[vc_row fullwidth=&#8221;true&#8221; css=&#8221;.vc_custom_1568159291990{padding-top: 260px !important;background-image: url(http:\/\/o.nash.org.nz\/wp-content\/uploads\/2019\/07\/ngati-awa-hapu.jpg?id=588) !important;background-position: center !important;background-repeat: no-repeat !important;background-size: cover !important;}&#8221;][vc_column width=&#8221;1\/2&#8243; el_class=&#8221;nash-page-title-background&#8221; css=&#8221;.vc_custom_1563852758481{padding-top: 30px !important;padding-right: 40px !important;padding-bottom: 30px !important;padding-left: 40px !important;background-color: rgba(4,54,76,0.4) !important;*background-color: rgb(4,54,76) !important;}&#8221;][vc_custom_heading text=&#8221;Ng\u0101 H\u014dtaka&#8221; [&hellip;]<\/p>\n","protected":false},"author":10,"featured_media":0,"parent":0,"menu_order":100,"comment_status":"closed","ping_status":"closed","template":"","meta":{"rs_blank_template":"","rs_page_bg_color":"","slide_template_v7":"","footnotes":""},"class_list":["post-3197","page","type-page","status-publish","hentry"],"yoast_head":"<!-- This site is optimized with the Yoast SEO plugin v27.3 - https:\/\/yoast.com\/product\/yoast-seo-wordpress\/ -->\n<title>Programmes | Ng\u0101ti Awa Social and Health Services<\/title>\n<meta name=\"description\" content=\"Ng\u0101 H\u014dtaka. Programmes. Check out our current programmes available and register your interest. We have a number of spots available.\" \/>\n<meta name=\"robots\" content=\"index, follow, max-snippet:-1, max-image-preview:large, max-video-preview:-1\" \/>\n<link rel=\"canonical\" href=\"https:\/\/o.nash.org.nz\/?page_id=3197\" \/>\n<meta property=\"og:locale\" content=\"en_US\" \/>\n<meta property=\"og:type\" content=\"article\" \/>\n<meta property=\"og:title\" content=\"Programmes | Ng\u0101ti Awa Social and Health Services\" \/>\n<meta property=\"og:description\" content=\"Ng\u0101 H\u014dtaka. Programmes. Check out our current programmes available and register your interest. We have a number of spots available.\" \/>\n<meta property=\"og:url\" content=\"https:\/\/o.nash.org.nz\/?page_id=3197\" \/>\n<meta property=\"og:site_name\" content=\"Te Tohu o Te Ora o Ngati Awa\" \/>\n<meta property=\"article:modified_time\" content=\"2023-05-30T05:34:39+00:00\" \/>\n<meta property=\"og:image\" content=\"http:\/\/o.nash.org.nz\/wp-content\/uploads\/2023\/05\/breastfeeding-workshop-300x251.png\" \/>\n<meta name=\"twitter:card\" content=\"summary_large_image\" \/>\n<meta name=\"twitter:label1\" content=\"Est. reading time\" \/>\n\t<meta name=\"twitter:data1\" content=\"3 minutes\" \/>\n<script type=\"application\/ld+json\" class=\"yoast-schema-graph\">{\"@context\":\"https:\\\/\\\/schema.org\",\"@graph\":[{\"@type\":\"WebPage\",\"@id\":\"https:\\\/\\\/o.nash.org.nz\\\/?page_id=3197\",\"url\":\"https:\\\/\\\/o.nash.org.nz\\\/?page_id=3197\",\"name\":\"Programmes | Ng\u0101ti Awa Social and Health Services\",\"isPartOf\":{\"@id\":\"https:\\\/\\\/o.nash.org.nz\\\/#website\"},\"primaryImageOfPage\":{\"@id\":\"https:\\\/\\\/o.nash.org.nz\\\/?page_id=3197#primaryimage\"},\"image\":{\"@id\":\"https:\\\/\\\/o.nash.org.nz\\\/?page_id=3197#primaryimage\"},\"thumbnailUrl\":\"http:\\\/\\\/o.nash.org.nz\\\/wp-content\\\/uploads\\\/2023\\\/05\\\/breastfeeding-workshop-300x251.png\",\"datePublished\":\"2023-02-26T07:23:44+00:00\",\"dateModified\":\"2023-05-30T05:34:39+00:00\",\"description\":\"Ng\u0101 H\u014dtaka. Programmes. Check out our current programmes available and register your interest. We have a number of spots available.\",\"breadcrumb\":{\"@id\":\"https:\\\/\\\/o.nash.org.nz\\\/?page_id=3197#breadcrumb\"},\"inLanguage\":\"en-NZ\",\"potentialAction\":[{\"@type\":\"ReadAction\",\"target\":[\"https:\\\/\\\/o.nash.org.nz\\\/?page_id=3197\"]}]},{\"@type\":\"ImageObject\",\"inLanguage\":\"en-NZ\",\"@id\":\"https:\\\/\\\/o.nash.org.nz\\\/?page_id=3197#primaryimage\",\"url\":\"https:\\\/\\\/o.nash.org.nz\\\/wp-content\\\/uploads\\\/2023\\\/05\\\/breastfeeding-workshop.png\",\"contentUrl\":\"https:\\\/\\\/o.nash.org.nz\\\/wp-content\\\/uploads\\\/2023\\\/05\\\/breastfeeding-workshop.png\",\"width\":940,\"height\":788},{\"@type\":\"BreadcrumbList\",\"@id\":\"https:\\\/\\\/o.nash.org.nz\\\/?page_id=3197#breadcrumb\",\"itemListElement\":[{\"@type\":\"ListItem\",\"position\":1,\"name\":\"Home\",\"item\":\"https:\\\/\\\/o.nash.org.nz\\\/\"},{\"@type\":\"ListItem\",\"position\":2,\"name\":\"Programmes\"}]},{\"@type\":\"WebSite\",\"@id\":\"https:\\\/\\\/o.nash.org.nz\\\/#website\",\"url\":\"https:\\\/\\\/o.nash.org.nz\\\/\",\"name\":\"Te Tohu o Te Ora o Ngati Awa\",\"description\":\"Te Tohu o Te Ora o Ngati Awa\",\"potentialAction\":[{\"@type\":\"SearchAction\",\"target\":{\"@type\":\"EntryPoint\",\"urlTemplate\":\"https:\\\/\\\/o.nash.org.nz\\\/?s={search_term_string}\"},\"query-input\":{\"@type\":\"PropertyValueSpecification\",\"valueRequired\":true,\"valueName\":\"search_term_string\"}}],\"inLanguage\":\"en-NZ\"}]}<\/script>\n<!-- \/ Yoast SEO plugin. -->","yoast_head_json":{"title":"Programmes | Ng\u0101ti Awa Social and Health Services","description":"Ng\u0101 H\u014dtaka. Programmes. Check out our current programmes available and register your interest. We have a number of spots available.","robots":{"index":"index","follow":"follow","max-snippet":"max-snippet:-1","max-image-preview":"max-image-preview:large","max-video-preview":"max-video-preview:-1"},"canonical":"https:\/\/o.nash.org.nz\/?page_id=3197","og_locale":"en_US","og_type":"article","og_title":"Programmes | Ng\u0101ti Awa Social and Health Services","og_description":"Ng\u0101 H\u014dtaka. Programmes. Check out our current programmes available and register your interest. We have a number of spots available.","og_url":"https:\/\/o.nash.org.nz\/?page_id=3197","og_site_name":"Te Tohu o Te Ora o Ngati Awa","article_modified_time":"2023-05-30T05:34:39+00:00","og_image":[{"url":"http:\/\/o.nash.org.nz\/wp-content\/uploads\/2023\/05\/breastfeeding-workshop-300x251.png","type":"","width":"","height":""}],"twitter_card":"summary_large_image","twitter_misc":{"Est. reading time":"3 minutes"},"schema":{"@context":"https:\/\/schema.org","@graph":[{"@type":"WebPage","@id":"https:\/\/o.nash.org.nz\/?page_id=3197","url":"https:\/\/o.nash.org.nz\/?page_id=3197","name":"Programmes | Ng\u0101ti Awa Social and Health Services","isPartOf":{"@id":"https:\/\/o.nash.org.nz\/#website"},"primaryImageOfPage":{"@id":"https:\/\/o.nash.org.nz\/?page_id=3197#primaryimage"},"image":{"@id":"https:\/\/o.nash.org.nz\/?page_id=3197#primaryimage"},"thumbnailUrl":"http:\/\/o.nash.org.nz\/wp-content\/uploads\/2023\/05\/breastfeeding-workshop-300x251.png","datePublished":"2023-02-26T07:23:44+00:00","dateModified":"2023-05-30T05:34:39+00:00","description":"Ng\u0101 H\u014dtaka. Programmes. Check out our current programmes available and register your interest. We have a number of spots available.","breadcrumb":{"@id":"https:\/\/o.nash.org.nz\/?page_id=3197#breadcrumb"},"inLanguage":"en-NZ","potentialAction":[{"@type":"ReadAction","target":["https:\/\/o.nash.org.nz\/?page_id=3197"]}]},{"@type":"ImageObject","inLanguage":"en-NZ","@id":"https:\/\/o.nash.org.nz\/?page_id=3197#primaryimage","url":"https:\/\/o.nash.org.nz\/wp-content\/uploads\/2023\/05\/breastfeeding-workshop.png","contentUrl":"https:\/\/o.nash.org.nz\/wp-content\/uploads\/2023\/05\/breastfeeding-workshop.png","width":940,"height":788},{"@type":"BreadcrumbList","@id":"https:\/\/o.nash.org.nz\/?page_id=3197#breadcrumb","itemListElement":[{"@type":"ListItem","position":1,"name":"Home","item":"https:\/\/o.nash.org.nz\/"},{"@type":"ListItem","position":2,"name":"Programmes"}]},{"@type":"WebSite","@id":"https:\/\/o.nash.org.nz\/#website","url":"https:\/\/o.nash.org.nz\/","name":"Te Tohu o Te Ora o Ngati Awa","description":"Te Tohu o Te Ora o Ngati Awa","potentialAction":[{"@type":"SearchAction","target":{"@type":"EntryPoint","urlTemplate":"https:\/\/o.nash.org.nz\/?s={search_term_string}"},"query-input":{"@type":"PropertyValueSpecification","valueRequired":true,"valueName":"search_term_string"}}],"inLanguage":"en-NZ"}]}},"_links":{"self":[{"href":"https:\/\/o.nash.org.nz\/index.php?rest_route=\/wp\/v2\/pages\/3197","targetHints":{"allow":["GET"]}}],"collection":[{"href":"https:\/\/o.nash.org.nz\/index.php?rest_route=\/wp\/v2\/pages"}],"about":[{"href":"https:\/\/o.nash.org.nz\/index.php?rest_route=\/wp\/v2\/types\/page"}],"author":[{"embeddable":true,"href":"https:\/\/o.nash.org.nz\/index.php?rest_route=\/wp\/v2\/users\/10"}],"replies":[{"embeddable":true,"href":"https:\/\/o.nash.org.nz\/index.php?rest_route=%2Fwp%2Fv2%2Fcomments&post=3197"}],"version-history":[{"count":31,"href":"https:\/\/o.nash.org.nz\/index.php?rest_route=\/wp\/v2\/pages\/3197\/revisions"}],"predecessor-version":[{"id":3475,"href":"https:\/\/o.nash.org.nz\/index.php?rest_route=\/wp\/v2\/pages\/3197\/revisions\/3475"}],"wp:attachment":[{"href":"https:\/\/o.nash.org.nz\/index.php?rest_route=%2Fwp%2Fv2%2Fmedia&parent=3197"}],"curies":[{"name":"wp","href":"https:\/\/api.w.org\/{rel}","templated":true}]}}