{"id":14,"date":"2019-04-12T03:10:33","date_gmt":"2019-04-12T03:10:33","guid":{"rendered":"https:\/\/o.nash.org.nz\/?page_id=14"},"modified":"2020-03-26T09:30:04","modified_gmt":"2020-03-25T20:30:04","slug":"our-people","status":"publish","type":"page","link":"https:\/\/o.nash.org.nz\/?page_id=14","title":{"rendered":"Our People"},"content":{"rendered":"<div class=\"wpb-content-wrapper\">[vc_row fullwidth=&#8221;true&#8221; css=&#8221;.vc_custom_1572561191353{padding-top: 350px !important;background-image: url(https:\/\/o.nash.org.nz\/wp-content\/uploads\/2019\/11\/our-people-banner.jpg?id=2396) !important;}&#8221; el_class=&#8221;nash-header-image&#8221;][vc_column width=&#8221;1\/2&#8243; el_class=&#8221;nash-page-title-background&#8221; css=&#8221;.vc_custom_1563852666882{padding-top: 30px !important;padding-right: 40px !important;padding-bottom: 30px !important;padding-left: 40px !important;background-color: rgba(4,54,76,0.4) !important;*background-color: rgb(4,54,76) !important;}&#8221;][vc_custom_heading text=&#8221;T\u0101 m\u0101tou tangata&#8221; font_container=&#8221;tag:h1|text_align:left&#8221; use_theme_fonts=&#8221;yes&#8221;][vc_custom_heading text=&#8221;Our People&#8221; use_theme_fonts=&#8221;yes&#8221;][\/vc_column][\/vc_row][vc_row fullwidth=&#8221;true&#8221; fullwidth_content=&#8221;false&#8221; parallax=&#8221;content-moving&#8221; parallax_speed_bg=&#8221;2&#8243; css=&#8221;.vc_custom_1571955543073{padding-top: 75px !important;padding-bottom: 75px !important;background-image: url(https:\/\/o.nash.org.nz\/wp-content\/uploads\/2019\/10\/white-tukutuku-extra-long.jpg?id=1918) !important;background-position: center;background-repeat: no-repeat;background-size:cover;}&#8221;][vc_column][vc_row_inner css=&#8221;.vc_custom_1563247174988{padding-bottom: 60px !important;}&#8221;][vc_column_inner width=&#8221;1\/6&#8243;][\/vc_column_inner][vc_column_inner width=&#8221;2\/3&#8243;][vc_column_text align=&#8221;center&#8221; animation=&#8221;fade-in&#8221; el_class=&#8221;nash-page-intro&#8221; css=&#8221;.vc_custom_1572558743663{margin-bottom: 0px !important;}&#8221;]\n<h3>Find out more about the people helping you and your community.<\/h3>\n[\/vc_column_text][\/vc_column_inner][vc_column_inner width=&#8221;1\/6&#8243;][\/vc_column_inner][\/vc_row_inner][vc_row_inner][vc_column_inner][vc_column_text align=&#8221;center&#8221; animation=&#8221;fade-in&#8221; el_class=&#8221;nash-blocks-title&#8221; css=&#8221;.vc_custom_1571948776202{margin-bottom: 0px !important;}&#8221;]\n<h4>Ng\u0101 Pou Whakarae<\/h4>\n[\/vc_column_text][vc_column_text align=&#8221;center&#8221; animation=&#8221;fade-in&#8221; el_class=&#8221;nash-blocks-subtitle&#8221; css=&#8221;.vc_custom_1571948769193{margin-bottom: 0px !important;}&#8221;]\n<h5>Board<\/h5>\n[\/vc_column_text][\/vc_column_inner][\/vc_row_inner][vc_row_inner el_class=&#8221;nash-link-boxes-people&#8221; css=&#8221;.vc_custom_1563247427912{padding-top: 40px !important;}&#8221;][vc_column_inner width=&#8221;1\/3&#8243;][vc_single_image image=&#8221;1190&#8243; img_size=&#8221;full&#8221; alignment=&#8221;center&#8221; css_animation=&#8221;fadeInUp&#8221; el_class=&#8221;nash-box-image&#8221;][vc_column_text align=&#8221;center&#8221; el_class=&#8221;nash-box-contents&#8221; css=&#8221;.vc_custom_1568935808750{margin-bottom: 0px !important;}&#8221;]\n<h5>Ramai Haua-Carroll<\/h5>\n<p>Chairperson[\/vc_column_text][\/vc_column_inner][vc_column_inner width=&#8221;1\/3&#8243;][vc_single_image image=&#8221;1191&#8243; img_size=&#8221;full&#8221; alignment=&#8221;center&#8221; css_animation=&#8221;fadeInUp&#8221; el_class=&#8221;nash-box-image&#8221;][vc_column_text align=&#8221;center&#8221; el_class=&#8221;nash-box-contents&#8221; css=&#8221;.vc_custom_1568935997345{margin-bottom: 0px !important;}&#8221;]\n<h5>Hemana Eruera <span class=\"profile-qualifications\">N.Z.O.M JP.<\/span><\/h5>\n<p>Trustee[\/vc_column_text][\/vc_column_inner][vc_column_inner width=&#8221;1\/3&#8243;][vc_single_image image=&#8221;1194&#8243; img_size=&#8221;full&#8221; alignment=&#8221;center&#8221; css_animation=&#8221;fadeInUp&#8221; el_class=&#8221;nash-box-image&#8221;][vc_column_text align=&#8221;center&#8221; el_class=&#8221;nash-box-contents with-link&#8221; css=&#8221;.vc_custom_1572993837717{margin-bottom: 0px !important;}&#8221;]\n<h5>Joseph Pryor<\/h5>\n<p>Trustee[\/vc_column_text][\/vc_column_inner][\/vc_row_inner][vc_row_inner el_class=&#8221;nash-link-boxes-people&#8221; css=&#8221;.vc_custom_1563247427912{padding-top: 40px !important;}&#8221;][vc_column_inner width=&#8221;1\/3&#8243;][vc_single_image image=&#8221;1195&#8243; img_size=&#8221;full&#8221; alignment=&#8221;center&#8221; css_animation=&#8221;fadeInUp&#8221; el_class=&#8221;nash-box-image&#8221;][vc_column_text align=&#8221;center&#8221; el_class=&#8221;nash-box-contents&#8221; css=&#8221;.vc_custom_1568936204774{margin-bottom: 0px !important;}&#8221;]\n<h5>Stan Ratahi<\/h5>\n<p>Trustee[\/vc_column_text][\/vc_column_inner][vc_column_inner width=&#8221;1\/3&#8243;][vc_single_image image=&#8221;1952&#8243; img_size=&#8221;full&#8221; alignment=&#8221;center&#8221; css_animation=&#8221;fadeInUp&#8221; el_class=&#8221;nash-box-image&#8221;][vc_column_text align=&#8221;center&#8221; el_class=&#8221;nash-box-contents&#8221; css=&#8221;.vc_custom_1568936245228{margin-bottom: 0px !important;}&#8221;]\n<h5>Potautapu &#8220;Popsy&#8221; Brown<\/h5>\n<p>Trustee[\/vc_column_text][\/vc_column_inner][vc_column_inner width=&#8221;1\/3&#8243;][vc_single_image image=&#8221;1735&#8243; img_size=&#8221;full&#8221; alignment=&#8221;center&#8221; css_animation=&#8221;fadeInUp&#8221; el_class=&#8221;nash-box-image&#8221;][vc_column_text align=&#8221;center&#8221; el_class=&#8221;nash-box-contents&#8221; css=&#8221;.vc_custom_1568936316903{margin-bottom: 0px !important;}&#8221;]\n<h5>Hawiki Ranapia<\/h5>\n<p>Trustee[\/vc_column_text][\/vc_column_inner][\/vc_row_inner][vc_row_inner el_class=&#8221;nash-links-boxes-border&#8221; css=&#8221;.vc_custom_1563248065861{padding-top: 70px !important;padding-bottom: 70px !important;}&#8221;][vc_column_inner][vc_separator color=&#8221;custom&#8221; el_width=&#8221;80&#8243; accent_color=&#8221;#e37839&#8243;][\/vc_column_inner][\/vc_row_inner][vc_row_inner][vc_column_inner][vc_column_text align=&#8221;center&#8221; animation=&#8221;fade-in&#8221; el_class=&#8221;nash-blocks-title&#8221; css=&#8221;.vc_custom_1571948785315{margin-bottom: 0px !important;}&#8221;]\n<h4>Ng\u0101 Pou Turuki<\/h4>\n[\/vc_column_text][vc_column_text align=&#8221;center&#8221; animation=&#8221;fade-in&#8221; el_class=&#8221;nash-blocks-subtitle&#8221; css=&#8221;.vc_custom_1571948792931{margin-bottom: 0px !important;}&#8221;]\n<h5>Management<\/h5>\n[\/vc_column_text][\/vc_column_inner][\/vc_row_inner][vc_row_inner el_class=&#8221;nash-link-boxes-people&#8221; css=&#8221;.vc_custom_1563247427912{padding-top: 40px !important;}&#8221;][vc_column_inner width=&#8221;1\/3&#8243;][\/vc_column_inner][vc_column_inner width=&#8221;1\/3&#8243;][vc_single_image image=&#8221;1794&#8243; img_size=&#8221;full&#8221; alignment=&#8221;center&#8221; css_animation=&#8221;fadeInUp&#8221; el_class=&#8221;nash-box-image&#8221;][vc_column_text align=&#8221;center&#8221; el_class=&#8221;nash-box-contents with-link&#8221; css=&#8221;.vc_custom_1568937454277{margin-bottom: 0px !important;}&#8221;]\n<h5>Enid Ratahi-Pryor <span class=\"profile-qualifications\">Q.S.O<\/span><\/h5>\n<p>Chief Executive Officer<\/p>\n<p><a href=\"\/wp-content\/uploads\/2019\/09\/profile-enid-ratahi-pryor.pdf\" target=\"_blank\" rel=\"noopener noreferrer\">Download Profile<\/a>[\/vc_column_text][\/vc_column_inner][vc_column_inner width=&#8221;1\/3&#8243;][\/vc_column_inner][\/vc_row_inner][vc_row_inner el_class=&#8221;nash-link-boxes-people&#8221; css=&#8221;.vc_custom_1563247427912{padding-top: 40px !important;}&#8221;][vc_column_inner width=&#8221;1\/3&#8243;][vc_single_image image=&#8221;2303&#8243; img_size=&#8221;full&#8221; alignment=&#8221;center&#8221; css_animation=&#8221;fadeInUp&#8221; el_class=&#8221;nash-box-image&#8221;][vc_column_text align=&#8221;center&#8221; el_class=&#8221;nash-box-contents&#8221; css=&#8221;.vc_custom_1572492657121{margin-bottom: 0px !important;}&#8221;]\n<h5>Trish Hudson<\/h5>\n<p>Early Childhood Centre Manager[\/vc_column_text][\/vc_column_inner][vc_column_inner width=&#8221;1\/3&#8243;][vc_single_image image=&#8221;1835&#8243; img_size=&#8221;full&#8221; alignment=&#8221;center&#8221; css_animation=&#8221;fadeInUp&#8221; el_class=&#8221;nash-box-image&#8221;][vc_column_text align=&#8221;center&#8221; el_class=&#8221;nash-box-contents&#8221; css=&#8221;.vc_custom_1571886852896{margin-bottom: 0px !important;}&#8221;]\n<h5>Manu Glen<\/h5>\n<p>Community Services Manager[\/vc_column_text][\/vc_column_inner][vc_column_inner width=&#8221;1\/3&#8243;][vc_single_image image=&#8221;2104&#8243; img_size=&#8221;full&#8221; alignment=&#8221;center&#8221; css_animation=&#8221;fadeInUp&#8221; el_class=&#8221;nash-box-image&#8221;][vc_column_text align=&#8221;center&#8221; el_class=&#8221;nash-box-contents&#8221; css=&#8221;.vc_custom_1571886873603{margin-bottom: 0px !important;}&#8221;]\n<h5>Rachel Morris<\/h5>\n<p>Health Services Manager[\/vc_column_text][\/vc_column_inner][\/vc_row_inner][vc_row_inner el_class=&#8221;nash-links-boxes-border&#8221; css=&#8221;.vc_custom_1571884330402{padding-top: 40px !important;padding-bottom: 40px !important;}&#8221;][vc_column_inner][vc_separator color=&#8221;custom&#8221; el_width=&#8221;80&#8243; accent_color=&#8221;#e37839&#8243;][\/vc_column_inner][\/vc_row_inner][vc_row_inner][vc_column_inner][vc_column_text align=&#8221;center&#8221; animation=&#8221;fade-in&#8221; el_class=&#8221;nash-blocks-title&#8221; css=&#8221;.vc_custom_1572297014910{margin-bottom: 0px !important;}&#8221;]\n<h4>Te Apaaparau o Urutengangana<\/h4>\n[\/vc_column_text][vc_column_text align=&#8221;center&#8221; animation=&#8221;fade-in&#8221; el_class=&#8221;nash-blocks-subtitle&#8221; css=&#8221;.vc_custom_1571948814216{margin-bottom: 0px !important;}&#8221;]\n<h5>Administration Team<\/h5>\n[\/vc_column_text][\/vc_column_inner][\/vc_row_inner][vc_row_inner el_class=&#8221;nash-link-boxes-people&#8221; css=&#8221;.vc_custom_1563247427912{padding-top: 40px !important;}&#8221;][vc_column_inner][vc_single_image image=&#8221;1846&#8243; img_size=&#8221;full&#8221; alignment=&#8221;center&#8221; css_animation=&#8221;fadeInUp&#8221;][vc_column_text align=&#8221;center&#8221; css=&#8221;.vc_custom_1572295198077{margin-bottom: 0px !important;}&#8221;]\n<p style=\"text-align: center;\">From Left: Marama Studer, Luana Morgan, Cynthia (Taini) Hudson, Enid Ratahi-Pryor, Maude Takarua, Angela Makela, Anthony Hood<\/p>\n[\/vc_column_text][\/vc_column_inner][\/vc_row_inner][vc_row_inner el_class=&#8221;nash-links-boxes-border&#8221; css=&#8221;.vc_custom_1571884339685{padding-top: 40px !important;padding-bottom: 40px !important;}&#8221;][vc_column_inner][vc_separator color=&#8221;custom&#8221; el_width=&#8221;80&#8243; accent_color=&#8221;#e37839&#8243;][\/vc_column_inner][\/vc_row_inner][vc_row_inner][vc_column_inner][vc_column_text align=&#8221;center&#8221; animation=&#8221;fade-in&#8221; el_class=&#8221;nash-blocks-title&#8221; css=&#8221;.vc_custom_1572297045334{margin-bottom: 0px !important;}&#8221;]\n<h4>Te Apaaparau o Uepoto<\/h4>\n[\/vc_column_text][vc_column_text align=&#8221;center&#8221; animation=&#8221;fade-in&#8221; el_class=&#8221;nash-blocks-subtitle&#8221; css=&#8221;.vc_custom_1571948841183{margin-bottom: 0px !important;}&#8221;]\n<h5>Community Services Team<\/h5>\n[\/vc_column_text][\/vc_column_inner][\/vc_row_inner][vc_row_inner el_class=&#8221;nash-link-boxes-people&#8221; css=&#8221;.vc_custom_1563247427912{padding-top: 40px !important;}&#8221;][vc_column_inner][vc_single_image image=&#8221;1845&#8243; img_size=&#8221;full&#8221; alignment=&#8221;center&#8221; css_animation=&#8221;fadeInUp&#8221;][vc_column_text align=&#8221;center&#8221; css=&#8221;.vc_custom_1571887661492{margin-bottom: 0px !important;}&#8221;]\n<p style=\"text-align: center;\">From Left: Jessica Faga, Aramoana Pakuria, Reina Hale, John Copeland, Pono Wetini, Manu Glen, Frances Calan, Toni Smith<\/p>\n[\/vc_column_text][\/vc_column_inner][\/vc_row_inner][vc_row_inner el_class=&#8221;nash-links-boxes-border&#8221; css=&#8221;.vc_custom_1571884349461{padding-top: 40px !important;padding-bottom: 40px !important;}&#8221;][vc_column_inner][vc_separator color=&#8221;custom&#8221; el_width=&#8221;80&#8243; accent_color=&#8221;#e37839&#8243;][\/vc_column_inner][\/vc_row_inner][vc_row_inner][vc_column_inner][vc_column_text align=&#8221;center&#8221; animation=&#8221;fade-in&#8221; el_class=&#8221;nash-blocks-title&#8221; css=&#8221;.vc_custom_1572297063445{margin-bottom: 0px !important;}&#8221;]\n<h4>Te Apaaparau o Rehua Ariki<\/h4>\n[\/vc_column_text][vc_column_text align=&#8221;center&#8221; animation=&#8221;fade-in&#8221; el_class=&#8221;nash-blocks-subtitle&#8221; css=&#8221;.vc_custom_1571948875440{margin-bottom: 0px !important;}&#8221;]\n<h5>Health Services Team<\/h5>\n[\/vc_column_text][\/vc_column_inner][\/vc_row_inner][vc_row_inner el_class=&#8221;nash-link-boxes-people&#8221; css=&#8221;.vc_custom_1563247427912{padding-top: 40px !important;}&#8221;][vc_column_inner][vc_single_image image=&#8221;1848&#8243; img_size=&#8221;full&#8221; alignment=&#8221;center&#8221; css_animation=&#8221;fadeInUp&#8221;][vc_column_text align=&#8221;center&#8221; css=&#8221;.vc_custom_1571890333755{margin-bottom: 0px !important;}&#8221;]\n<p style=\"text-align: center;\">Standing From Left: Karen Palmer, Frances Te Kani, Desmond Harawira, Te Reinga Kingi-Chase, Kim Rameka<\/p>\n<p style=\"text-align: center;\">Sitting From Left: Rachel Morris, Moana Delaney, Aneta Tarei, Orini Marr<\/p>\n[\/vc_column_text][\/vc_column_inner][\/vc_row_inner][vc_row_inner el_class=&#8221;nash-links-boxes-border&#8221; css=&#8221;.vc_custom_1571884349461{padding-top: 40px !important;padding-bottom: 40px !important;}&#8221;][vc_column_inner][vc_separator color=&#8221;custom&#8221; el_width=&#8221;80&#8243; accent_color=&#8221;#e37839&#8243;][\/vc_column_inner][\/vc_row_inner][vc_row_inner][vc_column_inner][vc_column_text align=&#8221;center&#8221; animation=&#8221;fade-in&#8221; el_class=&#8221;nash-blocks-title&#8221; css=&#8221;.vc_custom_1572295385941{margin-bottom: 0px !important;}&#8221;]\n<h4>Te Waipuna Ariki o Matangireia<\/h4>\n[\/vc_column_text][vc_column_text align=&#8221;center&#8221; animation=&#8221;fade-in&#8221; el_class=&#8221;nash-blocks-subtitle&#8221; css=&#8221;.vc_custom_1571948907401{margin-bottom: 0px !important;}&#8221;]\n<h5>Early Childhood Centre Team<\/h5>\n[\/vc_column_text][\/vc_column_inner][\/vc_row_inner][vc_row_inner el_class=&#8221;nash-link-boxes-people&#8221; css=&#8221;.vc_custom_1563247427912{padding-top: 40px !important;}&#8221;][vc_column_inner][vc_single_image image=&#8221;1849&#8243; img_size=&#8221;full&#8221; alignment=&#8221;center&#8221; css_animation=&#8221;fadeInUp&#8221;][vc_column_text align=&#8221;center&#8221; css=&#8221;.vc_custom_1571890536986{margin-bottom: 0px !important;}&#8221;]\n<p style=\"text-align: center;\">Standing From Left: Jamie Edwards, Merekarauria Williams, Sam Kora, Alamein Hei Hei-Kalolo, Shaylen Hill<\/p>\n<p style=\"text-align: center;\">Sitting From Left: Jenna Birkhead, Brenda Brady, Trish Hudson<\/p>\n[\/vc_column_text][\/vc_column_inner][\/vc_row_inner][\/vc_column][\/vc_row][vc_row fullwidth=&#8221;true&#8221; fullwidth_content=&#8221;false&#8221; css=&#8221;.vc_custom_1585168198944{padding-top: 30px !important;padding-bottom: 30px !important;background-image: url(https:\/\/o.nash.org.nz\/wp-content\/uploads\/2019\/07\/feedback_background.png?id=579) !important;background-position: center !important;background-repeat: no-repeat !important;background-size: cover !important;}&#8221; el_class=&#8221;nash-feedback-section&#8221;][vc_column width=&#8221;1\/2&#8243; css=&#8221;.vc_custom_1562728982080{padding-right: 60px !important;}&#8221;][vc_column_text align=&#8221;right&#8221; animation=&#8221;fade-in&#8221; el_class=&#8221;nash-feedback-survey&#8221; css=&#8221;.vc_custom_1571868580587{margin-bottom: 0px !important;}&#8221;]\n<h4>Arotakengia<\/h4>\n<p>Please fill out our customer feedback survey<\/p>\n<p><a href=\"https:\/\/o.nash.org.nz\/feedback-survey\/\">K\u014drero mai<br \/>\n<span class=\"button-description\">Feedback Survey<\/span><\/a>[\/vc_column_text][\/vc_column][vc_column width=&#8221;1\/2&#8243;][\/vc_column][\/vc_row]\n<\/div>","protected":false},"excerpt":{"rendered":"<p>[vc_row fullwidth=&#8221;true&#8221; css=&#8221;.vc_custom_1572561191353{padding-top: 350px !important;background-image: url(https:\/\/o.nash.org.nz\/wp-content\/uploads\/2019\/11\/our-people-banner.jpg?id=2396) !important;}&#8221; el_class=&#8221;nash-header-image&#8221;][vc_column width=&#8221;1\/2&#8243; el_class=&#8221;nash-page-title-background&#8221; css=&#8221;.vc_custom_1563852666882{padding-top: 30px !important;padding-right: 40px !important;padding-bottom: 30px !important;padding-left: 40px !important;background-color: rgba(4,54,76,0.4) !important;*background-color: rgb(4,54,76) !important;}&#8221;][vc_custom_heading text=&#8221;T\u0101 m\u0101tou tangata&#8221; font_container=&#8221;tag:h1|text_align:left&#8221; use_theme_fonts=&#8221;yes&#8221;][vc_custom_heading text=&#8221;Our People&#8221; [&hellip;]<\/p>\n","protected":false},"author":1,"featured_media":0,"parent":0,"menu_order":40,"comment_status":"closed","ping_status":"closed","template":"","meta":{"rs_blank_template":"","rs_page_bg_color":"","slide_template_v7":"","footnotes":""},"class_list":["post-14","page","type-page","status-publish","hentry"],"yoast_head":"<!-- This site is optimized with the Yoast SEO plugin v27.3 - https:\/\/yoast.com\/product\/yoast-seo-wordpress\/ -->\n<title>Our People | Ng\u0101ti Awa Social and Health Services<\/title>\n<meta name=\"description\" content=\"T\u0101 M\u0101tou Tangata. Find our more about the people helping you and your community.\" \/>\n<meta name=\"robots\" content=\"index, follow, max-snippet:-1, max-image-preview:large, max-video-preview:-1\" \/>\n<link rel=\"canonical\" href=\"https:\/\/o.nash.org.nz\/?page_id=14\" \/>\n<meta property=\"og:locale\" content=\"en_US\" \/>\n<meta property=\"og:type\" content=\"article\" \/>\n<meta property=\"og:title\" content=\"Our People | Ng\u0101ti Awa Social and Health Services\" \/>\n<meta property=\"og:description\" content=\"T\u0101 M\u0101tou Tangata. Find our more about the people helping you and your community.\" \/>\n<meta property=\"og:url\" content=\"https:\/\/o.nash.org.nz\/?page_id=14\" \/>\n<meta property=\"og:site_name\" content=\"Te Tohu o Te Ora o Ngati Awa\" \/>\n<meta property=\"article:modified_time\" content=\"2020-03-25T20:30:04+00:00\" \/>\n<meta name=\"twitter:card\" content=\"summary_large_image\" \/>\n<meta name=\"twitter:label1\" content=\"Est. reading time\" \/>\n\t<meta name=\"twitter:data1\" content=\"8 minutes\" \/>\n<script type=\"application\/ld+json\" class=\"yoast-schema-graph\">{\"@context\":\"https:\\\/\\\/schema.org\",\"@graph\":[{\"@type\":\"WebPage\",\"@id\":\"https:\\\/\\\/o.nash.org.nz\\\/?page_id=14\",\"url\":\"https:\\\/\\\/o.nash.org.nz\\\/?page_id=14\",\"name\":\"Our People | Ng\u0101ti Awa Social and Health Services\",\"isPartOf\":{\"@id\":\"https:\\\/\\\/o.nash.org.nz\\\/#website\"},\"datePublished\":\"2019-04-12T03:10:33+00:00\",\"dateModified\":\"2020-03-25T20:30:04+00:00\",\"description\":\"T\u0101 M\u0101tou Tangata. Find our more about the people helping you and your community.\",\"breadcrumb\":{\"@id\":\"https:\\\/\\\/o.nash.org.nz\\\/?page_id=14#breadcrumb\"},\"inLanguage\":\"en-NZ\",\"potentialAction\":[{\"@type\":\"ReadAction\",\"target\":[\"https:\\\/\\\/o.nash.org.nz\\\/?page_id=14\"]}]},{\"@type\":\"BreadcrumbList\",\"@id\":\"https:\\\/\\\/o.nash.org.nz\\\/?page_id=14#breadcrumb\",\"itemListElement\":[{\"@type\":\"ListItem\",\"position\":1,\"name\":\"Home\",\"item\":\"https:\\\/\\\/o.nash.org.nz\\\/\"},{\"@type\":\"ListItem\",\"position\":2,\"name\":\"Our People\"}]},{\"@type\":\"WebSite\",\"@id\":\"https:\\\/\\\/o.nash.org.nz\\\/#website\",\"url\":\"https:\\\/\\\/o.nash.org.nz\\\/\",\"name\":\"Te Tohu o Te Ora o Ngati Awa\",\"description\":\"Te Tohu o Te Ora o Ngati Awa\",\"potentialAction\":[{\"@type\":\"SearchAction\",\"target\":{\"@type\":\"EntryPoint\",\"urlTemplate\":\"https:\\\/\\\/o.nash.org.nz\\\/?s={search_term_string}\"},\"query-input\":{\"@type\":\"PropertyValueSpecification\",\"valueRequired\":true,\"valueName\":\"search_term_string\"}}],\"inLanguage\":\"en-NZ\"}]}<\/script>\n<!-- \/ Yoast SEO plugin. -->","yoast_head_json":{"title":"Our People | Ng\u0101ti Awa Social and Health Services","description":"T\u0101 M\u0101tou Tangata. Find our more about the people helping you and your community.","robots":{"index":"index","follow":"follow","max-snippet":"max-snippet:-1","max-image-preview":"max-image-preview:large","max-video-preview":"max-video-preview:-1"},"canonical":"https:\/\/o.nash.org.nz\/?page_id=14","og_locale":"en_US","og_type":"article","og_title":"Our People | Ng\u0101ti Awa Social and Health Services","og_description":"T\u0101 M\u0101tou Tangata. Find our more about the people helping you and your community.","og_url":"https:\/\/o.nash.org.nz\/?page_id=14","og_site_name":"Te Tohu o Te Ora o Ngati Awa","article_modified_time":"2020-03-25T20:30:04+00:00","twitter_card":"summary_large_image","twitter_misc":{"Est. reading time":"8 minutes"},"schema":{"@context":"https:\/\/schema.org","@graph":[{"@type":"WebPage","@id":"https:\/\/o.nash.org.nz\/?page_id=14","url":"https:\/\/o.nash.org.nz\/?page_id=14","name":"Our People | Ng\u0101ti Awa Social and Health Services","isPartOf":{"@id":"https:\/\/o.nash.org.nz\/#website"},"datePublished":"2019-04-12T03:10:33+00:00","dateModified":"2020-03-25T20:30:04+00:00","description":"T\u0101 M\u0101tou Tangata. Find our more about the people helping you and your community.","breadcrumb":{"@id":"https:\/\/o.nash.org.nz\/?page_id=14#breadcrumb"},"inLanguage":"en-NZ","potentialAction":[{"@type":"ReadAction","target":["https:\/\/o.nash.org.nz\/?page_id=14"]}]},{"@type":"BreadcrumbList","@id":"https:\/\/o.nash.org.nz\/?page_id=14#breadcrumb","itemListElement":[{"@type":"ListItem","position":1,"name":"Home","item":"https:\/\/o.nash.org.nz\/"},{"@type":"ListItem","position":2,"name":"Our People"}]},{"@type":"WebSite","@id":"https:\/\/o.nash.org.nz\/#website","url":"https:\/\/o.nash.org.nz\/","name":"Te Tohu o Te Ora o Ngati Awa","description":"Te Tohu o Te Ora o Ngati Awa","potentialAction":[{"@type":"SearchAction","target":{"@type":"EntryPoint","urlTemplate":"https:\/\/o.nash.org.nz\/?s={search_term_string}"},"query-input":{"@type":"PropertyValueSpecification","valueRequired":true,"valueName":"search_term_string"}}],"inLanguage":"en-NZ"}]}},"_links":{"self":[{"href":"https:\/\/o.nash.org.nz\/index.php?rest_route=\/wp\/v2\/pages\/14","targetHints":{"allow":["GET"]}}],"collection":[{"href":"https:\/\/o.nash.org.nz\/index.php?rest_route=\/wp\/v2\/pages"}],"about":[{"href":"https:\/\/o.nash.org.nz\/index.php?rest_route=\/wp\/v2\/types\/page"}],"author":[{"embeddable":true,"href":"https:\/\/o.nash.org.nz\/index.php?rest_route=\/wp\/v2\/users\/1"}],"replies":[{"embeddable":true,"href":"https:\/\/o.nash.org.nz\/index.php?rest_route=%2Fwp%2Fv2%2Fcomments&post=14"}],"version-history":[{"count":87,"href":"https:\/\/o.nash.org.nz\/index.php?rest_route=\/wp\/v2\/pages\/14\/revisions"}],"predecessor-version":[{"id":2522,"href":"https:\/\/o.nash.org.nz\/index.php?rest_route=\/wp\/v2\/pages\/14\/revisions\/2522"}],"wp:attachment":[{"href":"https:\/\/o.nash.org.nz\/index.php?rest_route=%2Fwp%2Fv2%2Fmedia&parent=14"}],"curies":[{"name":"wp","href":"https:\/\/api.w.org\/{rel}","templated":true}]}}